+ 5996. List the prime factors of x.
3, 5, 47
Let r be 1 - 1 - (-17 + 17). Let d = 117 + -53. Suppose -2*b + z + d + 19 = r, 0 = -3*z - 9. What are the prime factors of b?
2, 5
Let z(j) = -18*j**3. Let y be z(-1). Suppose -o - 5*p = 22, -y = -o + 4*p - p. Suppose 104 = o*u - 2*t, -6*u + 3*u + t + 100 = 0. List the prime factors of u.
2
Let s(m) = m**2 + 6*m - 8. Let a be s(6). Suppose 4*v + a - 12 = 0. Let n(y) = -y + 6. What are the prime factors of n(v)?
19
Suppose 5*r + 299 - 64 = 0. Let p = -37 - r. List the prime factors of p.
2, 5
Let q be ((-168)/20)/((-1)/45). Suppose -r - 2*s + q = 4*r, 3*r - 5*s = 233. List the prime factors of (16/(-64))/((-1)/r).
19
Suppose -2*q = 3*q - i + 31, q = i - 3. Let f be 26 + q/((-21)/(-6)). What are the prime factors of (-3 - f/(-9))*-39?
13
Let v be (6 - -2)/4*7. Let o = v + -18. What are the prime factors of o/10 - 2805/(-75)?
37
Let n = 235 + -370. Let a = -1 - n. List the prime factors of a.
2, 67
Suppose -3*y + 0 = 4*a + 5, -4*a - 40 = -4*y. Suppose s = -2*u, -2*s - 2*s - y*u = -3. List the prime factors of (7/s)/((-3)/(-12)).
2, 7
Let b be ((-90)/(-4))/(30/(-40)). Let t = b + 59. What are the prime factors of t?
29
Suppose 0 = 5*l + 5*o - 0*o - 980, 0 = -4*l - 2*o + 782. Suppose 0 = -2*j - 3*h + l, -5*h = 3*j + j - 389. List the prime factors of j.
2, 3
Let n(w) = w**3 + 9*w**2 + 17*w + 5. Let d be n(-6). Suppose -d*y + 385 + 1254 = 0. What are the prime factors of y?
149
Let d(g) = g**3 - 26*g**2 - 22*g - 21. Let k(p) = -3*p**3 + 77*p**2 + 66*p + 63. Let w(l) = 17*d(l) + 6*k(l). List the prime factors of w(21).
2, 3, 7
Suppose 0 = -a + 7 + 7. Let s = a + -42. Let n = 46 + s. What are the prime factors of n?
2, 3
List the prime factors of ((-320)/30)/(3/((-1170)/4)).
2, 5, 13
Let o(y) be the second derivative of y**5/20 - 2*y**4/3 + 4*y**3/3 - 2*y**2 + 3*y. Let f be o(7). Suppose 2*j - f = j. List the prime factors of j.
3
Let g be 66/14 + 10/35. Suppose 140 = h - g*j, -j + 376 = 3*h - 5*j. What are the prime factors of h?
2, 3, 5
Let s = -40 + 35. Let a(p) = -p**3 - 6*p**2 - 4*p + 11. Let g be a(s). Suppose 118 = 2*i - 2*q, g*i - 2*q = i + 280. List the prime factors of i.
2, 3
Let h(l) = l**3 - 6*l**2 + 4*l - 5. Let u be h(6). Let v = 3 - u. Let f = v - -55. List the prime factors of f.
3, 13
Let b(l) = -l**2 - 7*l + 1. Let j be b(-7). Let o be 0 + j + -2 + 69. Suppose -2*q - o = -6*q. What are the prime factors of q?
17
Let g(i) = 3*i + 59. Let f = -32 + 32. List the prime factors of g(f).
59
Suppose -243 = -10*n - 43. What are the prime factors of n?
2, 5
Suppose -4*n + 12552 = 8*n. What are the prime factors of n?
2, 523
Suppose -14*u - 4032 = -q - 18*u, 16188 = 4*q + 4*u. What are the prime factors of q?
2, 1013
Let d(y) = -7*y**3 - 2*y**2 - 3*y - 25. What are the prime factors of d(-4)?
13, 31
Let n = -181 + 333. Suppose 8*g - n = 304. List the prime factors of g.
3, 19
Let z = 1 + 2. Suppose -10*q + 184 = -6*q. Suppose -x - q = -z*x. List the prime factors of x.
23
Let r(u) = -u**3 + 17*u**2 + 8*u - 28. Let s = -115 - -132. List the prime factors of r(s).
2, 3
Let u(b) = -764*b + 299. What are the prime factors of u(-6)?
19, 257
Let q be (-1)/(-6) + (-2614)/(-12). Suppose 0 = 4*h - 3*s - 320, -185 - q = -5*h + 3*s. Suppose 2*v - 1 = h. What are the prime factors of v?
2, 3, 7
Let r(g) = g + 43. Let n be r(16). What are the prime factors of (n - -3)/(1/2)?
2, 31
Let x = 53 + -188. Let n = x - -223. What are the prime factors of n?
2, 11
Let j(n) = 3*n**3 - 2*n**2 - 7*n - 1. Let o be j(5). Suppose -9*u - o = -847. List the prime factors of u.
2, 31
Let n(d) = -115*d**3 - 5*d**2 - 22*d - 7. List the prime factors of n(-3).
3119
Let u(m) = -2*m**2 - 37*m - 15. Let o = -116 + 105. What are the prime factors of u(o)?
2, 3, 5
Let d(k) = 27*k**2 - 9 - 26*k**2 + 0 - k. List the prime factors of d(-8).
3, 7
Let o(i) = 0*i + 2*i + 3*i - 4. Let l be o(5). Suppose -m - 35 = -2*c, -6*c + 5*c - 3*m + l = 0. List the prime factors of c.
2, 3
Let i = -14 - -11. Let j be (i/(-2))/(15/20). What are the prime factors of (4 - 6)*(-23)/j?
23
Suppose -42 = -6*d - d. Suppose -5*h = -134 - d. What are the prime factors of h?
2, 7
Let h(s) = 207*s + 2. Let v be h(1). Suppose 189 = 5*u + 2*w - v, 3*w = 5*u - 403. What are the prime factors of u?
2, 5
Let r(x) = 364*x**3 + 3*x**2 - 17*x + 26. What are the prime factors of r(2)?
2, 3
Let r = 22 + -42. Let s = 12 + r. Let j = 12 - s. List the prime factors of j.
2, 5
Suppose 12*n - 67467 + 18495 = 0. What are the prime factors of n?
7, 11, 53
Suppose -29306 = -14*p - 5954. What are the prime factors of p?
2, 3, 139
Let l(x) = -6*x + 2*x + 19 + 3*x - 7. Let o be l(10). Let c(h) = 29*h. What are the prime factors of c(o)?
2, 29
Let i(f) = -2*f + 6. Let b be i(3). Suppose b = 5*s + 369 - 1179. List the prime factors of s.
2, 3
Suppose 4*i + x = 3*x + 6528, 3*i = -5*x + 4883. What are the prime factors of i?
7, 233
Let u(o) = -9*o**3 + o**2 - 25*o + 15. What are the prime factors of u(-5)?
2, 3, 5, 43
Let h(m) be the first derivative of m**4/2 - 13*m**3/3 + 19*m**2/2 + 10*m + 45. What are the prime factors of h(8)?
2, 3, 59
Let p(c) = 2*c**2 + 57 - 18 - 16 - 10*c. What are the prime factors of p(5)?
23
Let q(b) = 66*b + 25. What are the prime factors of q(10)?
5, 137
Let m be (1072/(-4) + 2)*(-12)/14. Suppose 2 = 3*u - o - m, 3*u = -2*o + 233. What are the prime factors of u?
7, 11
Let c = 566 + -390. Suppose i + 4*d = -i + c, -484 = -5*i + d. Let a = -56 + i. List the prime factors of a.
2, 5
Suppose -r - 2*m = -73, 2*r - m - 354 = -3*r. Let i = 47 - r. Let a = 4 - i. List the prime factors of a.
2, 7
Suppose -48*z = -30747 + 4443. List the prime factors of z.
2, 137
List the prime factors of (144/(-60))/((-9)/870).
2, 29
Suppose 3*y - 3*q = -258, 4*y + q + 314 = -q. Let k = y + 47. What are the prime factors of (k/10 - -3)*-95?
2, 19
Let x be 8/(-6)*27/18. Let i(w) = -2*w - 1. Let f be i(x). Suppose 0 = -f*y - 2*q + 88, -y - q + 51 = 4*q. List the prime factors of y.
2, 13
What are the prime factors of (27 + -5)/(2/179)?
11, 179
Suppose -16*g - 246 = -17*g. Let f = -34 + g. What are the prime factors of f?
2, 53
Let d(x) = -2*x + 13. Let k be d(-8). Suppose 0 = k*b - 25*b - 252. What are the prime factors of b?
3, 7
Let c(r) = -11 + 7*r + 8*r + 6*r - 10*r. List the prime factors of c(12).
11
Let c(k) = 11*k - 10. Let j(o) = -6*o + 5. Let l(m) = 2*c(m) + 5*j(m). Let i be l(-5). What are the prime factors of (-200)/(-9) + (-10)/i?
2, 11
Let r = 72 - 68. What are the prime factors of 2/r*(29 - 5)?
2, 3
Let w(h) = -h**2. Let n(l) = 2. Let p(m) = -2*n(m) - 18*w(m). What are the prime factors of p(-2)?
2, 17
Let r = 52 - 81. Let x = 246 - r. What are the prime factors of x?
5, 11
Suppose -5*z = -4*f + 12, -1 = -2*f - 4*z + 5. Suppose f*u - i - 653 = -183, -802 = -5*u - 3*i. List the prime factors of u.
2, 79
Suppose -4*r - 25 = j, j - 1 - 6 = 4*r. Let m be j/((-1)/1*1). List the prime factors of m/(-12) + 262/8.
2
Suppose -6 = -2*z + 12. Suppose -580 = -2*n + 3*l, 5*n = z*n - 2*l - 1144. List the prime factors of n.
2, 71
What are the prime factors of -1 - ((-2074 - 4) + 6)?
19, 109
Suppose -24*h - 8880 = -39*h. What are the prime factors of h?
2, 37
Suppose -79*w + 17776 = -71*w. List the prime factors of w.
2, 11, 101
What are the prime factors of 222555/(-37)*1*(-2)/6?
5, 401
Suppose 2*b + 5*h - 65 = 0, 3*h = 3*b - 72 + 27. List the prime factors of (-285)/((-34)/b - (-9)/45).
2, 5, 19
Suppose 3*p + 18 = -114. List the prime factors of ((-33)/p)/(2/56).
3, 7
Let g be (-1)/(2/5)*-2. Let c(w) = w + 5*w - g - 3*w. List the prime factors of c(10).
5
Let y = 5676 + -2051. List the prime factors of y.
5, 29
Suppose 3*a - 1 = -4. Let u be a/(-3 - (-143)/48). Suppose -3*i = -27 - u. List the prime factors of i.
5
Let y = 8424 - 4822. List the prime factors of y.
2, 1801
Let p be 1/(-2) + (-33)/22. Let i = 76 - p. List the prime factors of i.
2, 3, 13
Suppose 2*n = 4*w - 3*w + 51, w + 49 = 4*n. List the prime factors of w/(-1) - (-3 + 7).
7
Let g(q) = -q**2 + 7*q + 55. List the prime factors of g(9).
37
Suppose -7*g + 6 = -5*g. Let r(q) = q**2 - q**3 - 2 + 5 - q + g*q + 0*q**3. What are the prime factors of r(-3)?
3, 11
Let i(y) = -83*y + 224. List the prime factors of i(-8).
2,